git of ((-6)/(-1))/((-2)/p)?
3
Suppose -10 = -2*b + 68. What is the units digit of b?
9
Suppose 3*g + v - 175 = 0, -4*v + 284 = 5*g - 3. What is the units digit of g?
9
Suppose 5*u = 3*a - 195, 65 = a - 0*u - 5*u. What is the units digit of a?
5
Suppose 2*m = 1 + 3. Suppose 20 = m*u - 4. What is the tens digit of u?
1
Let g(o) = 3*o - 6. What is the units digit of g(5)?
9
Let d(c) = -c**2 + c + 1. Let i(t) = -11*t + 5*t + 3*t**2 - 12 - 3*t. Let y(b) = -2*d(b) - i(b). What is the tens digit of y(7)?
1
Let a(m) = m**3 + 22*m**2 + 24*m + 35. What is the tens digit of a(-20)?
5
Suppose 0 = 2*i - 4*j - 6 + 4, j = i - 1. Let c be i*2*(-6)/(-4). Suppose -c = -l + 3. What is the units digit of l?
6
Let c(y) = 110*y**2 + y + 1. Let w be c(-1). Suppose 4*p + 16 - w = 2*f, p - 41 = -3*f. Suppose 3*d = 2*s - p, -2*s + 12 = 5*d - d. What is the tens digit of s?
1
Let g(a) = -a + 8. Let c be g(8). Let v = c - 0. Let s = 6 + v. What is the units digit of s?
6
Let p = 17 + -11. Suppose -112 = p*w - 8*w. What is the units digit of w?
6
Suppose 2*k - 7 = 5. What is the units digit of 6/18 - (-22)/k?
4
Suppose 1508 = 12*q + q. What is the units digit of q?
6
Let i(m) = -m**2 - 4*m. Let d be i(-5). What is the tens digit of (-55)/d + (-2)/(-2)?
1
Let x(k) = -4*k + 10. What is the tens digit of x(-8)?
4
Let f(s) = s**2 - 4*s - 12. What is the units digit of f(7)?
9
Let l be (-2)/8 - 49/(-4). Suppose 8 = 4*p - l. Suppose a - 4*a + 20 = 2*d, p*a = 2*d + 60. What is the units digit of a?
0
Suppose k = -5*m + 2*m - 8, 5*k - 5 = 0. Let t be -74*m/6 + -1. Suppose 0*i = 2*i - 2*u - t, i - 2*u = 14. What is the units digit of i?
2
Let x = 106 + 109. What is the hundreds digit of x?
2
Let y be -3*-1*(-28)/3. Let h = -11 - y. What is the tens digit of h?
1
What is the tens digit of ((-54)/(-81))/(((-2)/(-159))/2)?
0
Let s(l) = l**2 - 6*l + 4. Let y be s(6). Let o(k) = k**2 - 3*k + 1. Let v be o(y). Suppose -f + 2 - 8 = -5*w, -26 = -4*f - v*w. What is the units digit of f?
4
Let p = -13 + 18. Let o(x) = -p*x + 2*x + 2*x. What is the units digit of o(-7)?
7
Let v(n) = 14*n - 6. What is the units digit of v(7)?
2
Suppose -3*l = l. Suppose -88 = -5*a + a - 3*b, l = 2*a + 4*b - 34. What is the tens digit of a?
2
Let t(u) = 33*u**2 - u + 1. What is the tens digit of t(1)?
3
Suppose q + 203 = 823. What is the units digit of q/16 - 3/4?
8
Let l(x) = x**3 - 14*x**2 + 16*x - 16. What is the units digit of l(13)?
3
Let b = -17 - -25. What is the tens digit of -2 + (-4)/(b/(-66))?
3
Suppose 2*x - 4*t - 66 = 0, -3*x + 4*t = x - 140. What is the tens digit of x?
3
Let k = 4 - 1. What is the units digit of (0 - k) + 2*6?
9
Suppose -6*z + 15 = 3. What is the units digit of z?
2
Suppose 14*s - 2368 - 992 = 0. What is the units digit of s?
0
Let d(w) = -w + 1. Let g(l) = l**3 - 6*l**2 + 1. Let s be g(6). Let h(f) = f**3 - f**2 - 1. Let u be h(s). What is the units digit of d(u)?
2
Let m be (-3)/(-1*(-3)/(-3)). Suppose -a = -2*i + i + 6, -m*a = 4*i - 52. What is the units digit of i?
0
Let o = 15 - 11. What is the units digit of o?
4
Let o = 13 + -7. Suppose -m - 9 = -0*h - h, -25 = 5*m. Suppose -o = -i + 3*x, -h*x = -5*i + 4*i + 7. What is the units digit of i?
3
Let f(a) = 4*a**2 - 7*a + 7. What is the hundreds digit of f(-6)?
1
Let i(g) be the second derivative of -g**3/6 - 3*g**2 - 2*g. What is the units digit of i(-9)?
3
Let a = 99 + 50. What is the units digit of a?
9
Let d = 99 - -65. What is the units digit of d?
4
Suppose -2 = -2*a + 8. Suppose 81 = a*l - 54. What is the tens digit of l?
2
Let q = -1 - -5. Suppose -g = -0*g - q. Suppose 48 = g*t + 12. What is the units digit of t?
9
What is the units digit of 49/(-4)*(1 + -5)?
9
Let k be (-3)/(-6)*-1*-32. Let z = k - 2. What is the units digit of z?
4
Suppose 2*w + 20 = -2*w. Let f = w - -8. Let g = f + 2. What is the units digit of g?
5
Let q = 54 - 4. What is the tens digit of q?
5
Let w(b) = b**3 - b**2 + b**2 - 4*b**2. Let x be w(4). Suppose j = -4*r + 17, x*j + r + 17 = 4*j. What is the units digit of j?
5
Let c = 2 - 3. Let h be c + 3 - (-3 - 1). What is the units digit of (-3)/2*(-4)/h?
1
Let m(y) = 5*y - 4. Let c be m(6). Suppose -5*z - 2*g = -37, 5*z - 7 - c = 2*g. Let r = 13 - z. What is the units digit of r?
6
Suppose 9 = 4*u - 3. Suppose u*m - m - 52 = 0. What is the tens digit of m?
2
Let w(y) = -y**2 + 6*y - 3. Let h = -11 - -5. Let r(d) = -2*d - 9. Let c be r(h). What is the units digit of w(c)?
6
Let p = 1 + 81. What is the tens digit of p?
8
Let n(b) = b**3 - 9*b**2 + 8*b. Let v be n(8). Let t(i) = -i + v*i + 4 - 5. What is the units digit of t(-5)?
4
Suppose -6*a = -4*a - 16. Suppose -8 = -4*c + 4*m, c = -c - 5*m - 31. Let z = a + c. What is the units digit of z?
5
Suppose -12 = -3*y - 5*r, 2*y = -5*r + 11 - 3. Suppose 3*m - 11 = -4*a + y*m, 2*a - 4 = 2*m. What is the units digit of a?
3
Let o(b) = -b - 2. Let h be o(-4). Suppose 3*w = -3*i - 33, -3 - 3 = -h*i. Let j = 20 + w. What is the units digit of j?
6
Let w = 1 + -2. Let l = w - -7. Let t = -4 + l. What is the units digit of t?
2
Let r(b) = -4*b**2 + 2*b + 4. Let q(z) = -3*z**2 + z + 3. Suppose 0 = -v + 2. Let j(u) = v*r(u) - 3*q(u). What is the units digit of j(-3)?
5
Let r(l) = -6*l - 6. What is the tens digit of r(-5)?
2
Suppose -2*f = 5*q - f - 30, -5*q = -3*f - 50. Let y be (q/3 - 2)*6. Suppose y*z = -0*z + 2. What is the units digit of z?
1
Let s(k) = k**2 + 12*k. Let d be s(-10). What is the tens digit of d/(-60) - (-298)/6?
5
What is the tens digit of 1/(-1 - ((-436)/108 + 3))?
2
What is the units digit of (3 + 0)*(-25)/(-15)?
5
Suppose -4*y = 3*i + 4 - 117, 5*y - 151 = -4*i. What is the tens digit of i?
3
Suppose -5*l = 3*s - 86, 2*l - s + 6 - 36 = 0. What is the units digit of l - -2 - (-1)/1?
9
Let x be (5 + -5)*1/(-2). Let g = x + 5. Suppose g*j - 13 = -3*l, -3*l - 2*l = 3*j - 27. What is the units digit of l?
6
Let x(c) = -c**2 - 5*c - 4. Let n be x(-4). Suppose 0 = -n*f - 2*f + 6. Let z(a) = a. What is the units digit of z(f)?
3
Let w = 6 - 3. Let a(l) = 4*l + l**2 - w*l - 6*l + 3. What is the units digit of a(5)?
3
Let u(l) = 2*l + 11 + l - 4 - 4*l. What is the units digit of u(6)?
1
Suppose -2*t + 3*t = 3. Let u be -7*2*t/(-2). Suppose -w - 2*w = -2*i + 14, u = 3*i + 4*w. What is the units digit of i?
7
Let y(w) = w**3 - 8*w**2 + 4. Let r be y(8). Let b(x) = 2*x**2 - 6*x + 2. What is the units digit of b(r)?
0
Suppose p = -p + 8. Let w = p - 27. What is the units digit of (-4)/6 - w/3?
7
Let w(m) = m**3 + 11*m**2 - 20*m - 12. What is the units digit of w(-12)?
4
Let j(u) = -6*u + 6*u**2 - 5*u**2 + 0*u**2. Let g be j(6). Suppose 3*l + g = -z + 14, 2*l = 0. What is the tens digit of z?
1
What is the units digit of (-8)/(-24) - 340/(-6)?
7
Let f(l) = -4*l - 1. Let g(b) be the first derivative of b**3/3 + 2*b**2 - 6*b - 1. Let a be g(-5). What is the units digit of f(a)?
3
Let w(j) = -8*j**3 - 4*j**2 + 3*j - 14. What is the hundreds digit of w(-4)?
4
Suppose -5*b = -5, -4*q + 3*b + 1552 = 495. Suppose k + 61 = d, -5*d - 2*k + q = k. Suppose -2*h + d = 2*h. What is the units digit of h?
4
Let w(j) = -19*j - 21. What is the units digit of w(-6)?
3
Let u = -9 + 24. Let n = u + -8. What is the units digit of n?
7
Let y = -59 - -83. Suppose v - y = -v. What is the units digit of v?
2
Suppose -4*u + 10 = q, 3*u + 3*q - 12 = -0*q. Let l(w) = -4*w**3 - 4*w - 1 + w + w + 3*w**3 - 9*w**u. What is the units digit of l(-9)?
7
Suppose 4*j - 5 = d, -2*j = 2*d - 0*j - 10. Let t be 0 - -6*(1 - 0). What is the units digit of t*1 + 0/d?
6
Let h(f) = f**3 - 9*f**2 - f + 1. Let b be h(9). Let i = -5 - b. What is the units digit of i?
3
Let y = -151 - -256. Suppose -y - 10 = -5*p. What is the units digit of p?
3
Let j = 10 - -9. What is the units digit of j?
9
Suppose -3*z - 2*z - 4*d + 55 = 0, 4*z - 3*d = 44. What is the tens digit of z?
1
Let p(h) = 0 + 0 - 2*h - 7*h - 2. What is the tens digit of p(-2)?
1
What is the units digit of (5 + -11)/(3 + 17/(-5))?
5
Suppose -21 = 5*c + 2*t + 23, -4*t = 3*c + 32. Let l = 12 + c. What is the units digit of l?
4
Let a = 3 - 3. Let l be -3 - (a - 42)/(-2). Let y = -5 - l. What is the units digit of y?
9
What is the units digit of 5 + -5 + 342/2?
1
Let h = 13 + 15. Let o be ((-35)/h)/(2/(-16)). Let u = -2 + o. What is the 